{"id":155,"date":"2021-11-30T18:43:45","date_gmt":"2021-11-30T18:43:45","guid":{"rendered":"https:\/\/bachman-detailing.pl\/?page_id=155"},"modified":"2024-09-25T11:14:56","modified_gmt":"2024-09-25T09:14:56","slug":"pranie-tapicerki","status":"publish","type":"page","link":"https:\/\/bachman-detailing.pl\/index.php\/pranie-tapicerki\/","title":{"rendered":"Pranie Tapicerki"},"content":{"rendered":"\n<figure class=\"wp-block-table\"><table><thead><tr><th>Pakiet<\/th><th>Zakres<\/th><th><strong>Cena brutto<\/strong><\/th><th><strong>Czas realizacji<\/strong><\/th><\/tr><\/thead><tbody><tr><td>Podstawowy<\/td><td>Pranie tapicerki, w tym:<br>&#8211; Fotel kierowcy<br>&#8211; Fotel pasa\u017cera<br>&#8211; Kanapa tylna<\/td><td>350z\u0142<\/td><td>2-4h<\/td><\/tr><tr><td> Standard<\/td><td> Pranie tapicerki, w tym: <br>&#8211; Fotel kierowcy<br>&#8211; Fotel pasa\u017cera<br>&#8211; Kanapa<br>&#8211; Boczki<br>&#8211; odkurzanie baga\u017cnika<\/td><td>500z\u0142<\/td><td>4-5h<\/td><\/tr><tr><td>Kompleksowy<\/td><td>Pranie Tapicerki, w tym:<br>&#8211; Fotel kierowcy<br>&#8211; Fotel pasa\u017cera<br>&#8211; Kanapa<br>&#8211; Boczki<br>Odkurzanie i usuwanie plam:<br>&#8211; Baga\u017cnik<br>&#8211; Pod\u0142oga (odkurzanie + pranie)<br>&#8211; czyszczenie i impregnacja plastik\u00f3w<br>(p\u0119dzelkiem i spr\u0119\u017conym powietrzem)<\/td><td>od 650z\u0142<\/td><td>8-10h<\/td><\/tr><tr><td>Detailingowy<\/td><td> Pranie Tapicerki, w tym: <br>&#8211; Fotel kierowcy<br>&#8211; Fotel pasa\u017cera<br>&#8211; Kanapa<br>&#8211; Boczki<br>&#8211; Baga\u017cnik<br>&#8211; Pod\u0142oga (odkurzanie + pranie)<br>&#8211; czyszczenie i impregnacja plastik\u00f3w (p\u0119dzelkiem i spr\u0119\u017conym powietrzem)<br>&#8211; Podsufitka<\/td><td>od 700z\u0142<\/td><td>10-12h<\/td><\/tr><tr><td>Inne<\/td><td>PODSTAWOWE CZYSZCZENIE \u015aRODKA<br>Us\u0142uga zawiera<br>&#8211; Odkurzanie<br>&#8211; Czyszczenie plastik\u00f3w<br>&#8211; Konserwacja plastik\u00f3w<br>&#8211; Ozonowanie wn\u0119trza pojazdu<\/td><td>400z\u0142<\/td><td>5h<\/td><\/tr><\/tbody><\/table><figcaption class=\"wp-element-caption\">Ceny uzale\u017cnione od typu i wielko\u015bci auta, skontaktuj si\u0119 z nami przez czat lub telefonicznie by uzyska\u0107 dok\u0142adn\u0105 wycen\u0119. <\/figcaption><\/figure>\n\n\n\n<p>Pami\u0119taj!<\/p>\n\n\n\n<p>Przybli\u017cony czas realizacji us\u0142ugi, nie obejmuje czasu potrzebnego na profesjonalne osuszanie wn\u0119trza, po praniu tapicerki &#8211; zaplanuj pozostawienie auta z odbiorem nast\u0119pnego dnia aby odebra\u0107 auto osuszone.<\/p>\n\n\n\n<p>Przygotuj auto &#8211; wyjmij zbedne rzeczy z baga\u017cnika i schowk\u00f3w, przeka\u017c nam auto bez zbendych rzeczy, aby\u015bmy mogli szybka rozpocz\u0105\u0107 wykonywanie us\u0142ugi.<\/p>\n\n\n\n<p><\/p>\n","protected":false},"excerpt":{"rendered":"<p>Pakiet Zakres Cena brutto Czas realizacji Podstawowy Pranie tapicerki, w tym:&#8211; Fotel kierowcy&#8211; Fotel pasa\u017cera&#8211; Kanapa tylna 350z\u0142 2-4h Standard Pranie tapicerki, w tym: &#8211; Fotel kierowcy&#8211; Fotel pasa\u017cera&#8211; Kanapa&#8211; Boczki&#8211; odkurzanie baga\u017cnika 500z\u0142 4-5h Kompleksowy Pranie Tapicerki, w tym:&#8211; Fotel kierowcy&#8211; Fotel pasa\u017cera&#8211; Kanapa&#8211; BoczkiOdkurzanie i usuwanie plam:&#8211; Baga\u017cnik&#8211; Pod\u0142oga (odkurzanie + pranie)&#8211; czyszczenie &hellip; <\/p>\n<p class=\"link-more\"><a href=\"https:\/\/bachman-detailing.pl\/index.php\/pranie-tapicerki\/\" class=\"more-link\">Czytaj dalej<span class=\"screen-reader-text\"> \u201ePranie Tapicerki\u201d<\/span><\/a><\/p>\n","protected":false},"author":1,"featured_media":0,"parent":0,"menu_order":0,"comment_status":"closed","ping_status":"closed","template":"","meta":{"footnotes":""},"class_list":["post-155","page","type-page","status-publish","hentry"],"_links":{"self":[{"href":"https:\/\/bachman-detailing.pl\/index.php\/wp-json\/wp\/v2\/pages\/155","targetHints":{"allow":["GET"]}}],"collection":[{"href":"https:\/\/bachman-detailing.pl\/index.php\/wp-json\/wp\/v2\/pages"}],"about":[{"href":"https:\/\/bachman-detailing.pl\/index.php\/wp-json\/wp\/v2\/types\/page"}],"author":[{"embeddable":true,"href":"https:\/\/bachman-detailing.pl\/index.php\/wp-json\/wp\/v2\/users\/1"}],"replies":[{"embeddable":true,"href":"https:\/\/bachman-detailing.pl\/index.php\/wp-json\/wp\/v2\/comments?post=155"}],"version-history":[{"count":6,"href":"https:\/\/bachman-detailing.pl\/index.php\/wp-json\/wp\/v2\/pages\/155\/revisions"}],"predecessor-version":[{"id":214,"href":"https:\/\/bachman-detailing.pl\/index.php\/wp-json\/wp\/v2\/pages\/155\/revisions\/214"}],"wp:attachment":[{"href":"https:\/\/bachman-detailing.pl\/index.php\/wp-json\/wp\/v2\/media?parent=155"}],"curies":[{"name":"wp","href":"https:\/\/api.w.org\/{rel}","templated":true}]}}